 What are the prime factors of m?
2, 13, 83
Let a be (0 - (0 - 1))*5. Let t be (2/a)/(12/(-40))*-3. Suppose -3*i = -t*i + 54. List the prime factors of i.
2, 3
Suppose 7*d = 27 - 13. What are the prime factors of 411 + 6 + -5 + d + 2?
2, 13
Let y = 17244 + 20254. List the prime factors of y.
2, 18749
Suppose 4*a = a + 4*i + 11, -a + 2*i = -3. Suppose -b + a*r = -20, 4*r + 7 + 20 = 3*b. Suppose -4*z - 9 = 7, -3*z = -b*k + 447. List the prime factors of k.
3, 29
Suppose -2*k = -3*i + 38928, k + 15925 + 22997 = 3*i. What are the prime factors of i?
2, 3, 23, 47
Let o = 13641 - 2095. List the prime factors of o.
2, 23, 251
Let b = -278 - -314. Suppose b*f + t + 1899 = 40*f, 0 = 3*f - t - 1423. What are the prime factors of f?
2, 7, 17
Let t = 114 - 111. Suppose -c - v + 513 = 0, -7*c - t*v + 1028 = -5*c. What are the prime factors of c?
7, 73
Suppose -107*h = -112*h. Suppose -56 = -2*n - h*n + 4*l, 0 = 2*n + 4*l - 72. Suppose 25*y - n*y = -252. What are the prime factors of y?
2, 3
Suppose 2*i = 4*g - 22, 3*i - i = -5*g + 14. Suppose -y + g*s + 5 = 0, -4*y + 7*s + 64 = 2*s. Let m = y - 9. List the prime factors of m.
2, 3
Let v(b) = 5*b**3 - b**2 + 3. Let p(k) = k**2 + 1. Let t(j) = 2*p(j) + v(j). Suppose 35*n = 40*n + 3*a - 9, -2*n = 2*a - 2. List the prime factors of t(n).
149
Suppose -4*s - 20 = -4*n, 5*n - 4*s - 3 = 18. List the prime factors of (n/(-2))/((-11)/5742).
3, 29
Let u = 59178 + -14223. List the prime factors of u.
3, 5, 37
Suppose -4*s + 3*p - 68 = -2*s, 0 = 5*s - p + 183. Let x = -32 - s. What are the prime factors of (-1)/(x/(-50)) + 3/(-1)?
7
Let u(j) = 32*j**3 + j**2 - 4*j - 13. What are the prime factors of u(3)?
2, 53
Suppose -56 = -3*n + 2*m, -8*n - 5*m + 110 = -3*n. Suppose 25*u = 21*u - n. List the prime factors of (5 - (-5)/u) + 119.
3, 41
Let t(w) = 16*w - 7. Let f(n) = n**2 - 4*n - 3. Let k be (-24)/(-8) + 0 + 2. Let s be f(k). What are the prime factors of t(s)?
5
Suppose 0 = -55*k - 18*k - 46*k + 1628991. List the prime factors of k.
3, 13
List the prime factors of (-222633)/(-33) - ((-152)/(-44) + -4).
3, 13, 173
Let r(i) = i**2 - 13*i - 50. Let l be r(16). Let v = -15 - l. What are the prime factors of 68*3 + 14 + v?
5, 41
Let r(o) = -3*o - 4. Let v be r(-2). Let n be v/6 - (-26)/39 - -241. List the prime factors of (-2556)/(-22) - 44/n.
2, 29
Suppose 0 = -80*t + 81*t - 3643 - 7394. What are the prime factors of t?
3, 13, 283
Let m = 127 + -123. Suppose -m*h - 4*w + 3616 = 0, 5*h - 2*w = h + 3634. What are the prime factors of h?
907
Let o = 15 + -16. Let l(u) = -128*u**2 - u - 1. Let m be l(o). Let g = 241 + m. What are the prime factors of g?
113
What are the prime factors of (4208/40 - 12)*45?
2, 3, 233
Suppose 4 = 7*z - 10. Suppose -252 = z*r - 630. Let b = -67 + r. List the prime factors of b.
2, 61
What are the prime factors of (-10)/(-50)*25 - ((-8)/(-2) - 33806)?
3, 59, 191
List the prime factors of 12563*((28/(-12))/(-7))/((-9)/(-27)).
17, 739
Let i = -28 + 31. Suppose -2*k - 4 = 0, i*s - 10 + 4 = 3*k. Suppose -5*x + 539 - 64 = s. What are the prime factors of x?
5, 19
Let x(u) = u**3 - 16*u**2 - 17*u + 6. Let s be x(17). Let m be s - 3 - 2 - (1 - -6). List the prime factors of (-1 - 8)/(m/8).
2, 3
Let k be (8/16)/(3/2 + -1). Let x(o) = 914*o**2 - 15*o + 15. What are the prime factors of x(k)?
2, 457
Suppose -66*y = -17*y - 32781. What are the prime factors of y?
3, 223
Suppose 6*f = -14*f + 40. Let k = 207 + f. List the prime factors of k.
11, 19
Suppose -4*h + 6 = -3*r, 5*h + 12*r - 9 = 15*r. Suppose -h*c = 3*m - 126 - 834, -4*c = -5*m - 1289. What are the prime factors of c?
3, 107
Let v = -16 + 7. Let r be ((-27)/6)/(v/(-12)). What are the prime factors of 88/(-10)*(-1 - (-9)/r)?
2, 11
Let v(f) = -f**3 - 34*f**2 + 36*f + 39. Let a be v(-35). Suppose 0*g = a*p + g - 1916, 4*p - 1928 = 2*g. List the prime factors of p.
2, 3, 5
Let m be (-27972)/(-20) - -4 - (-4)/10. Suppose 5*o - 487 = m. Suppose 30*j = 24*j + o. What are the prime factors of j?
3, 7
Suppose i - 4 = 2*p, -2*i + 4 = p - i. What are the prime factors of 33 - (2 - (p - 0))?
31
Let s(i) = -11*i**2 + 4*i + 1. Let h(p) = -144*p**2 + 51*p + 12. Let r(m) = 2*h(m) - 27*s(m). Let v be r(5). Let o = -10 + v. What are the prime factors of o?
2, 7, 13
Suppose 2*z - 711285 = -8*j - 114525, -5*z - 149212 = -2*j. List the prime factors of j.
2, 17, 1097
Let g = 5185 - 162. List the prime factors of g.
5023
Suppose t = -3*a - 0*t + 38651, 5*a = 4*t + 64424. What are the prime factors of a?
2, 3221
Suppose 79 = 2*r - 305. Let m = r + -139. What are the prime factors of m?
53
Let u(n) be the second derivative of -2*n**3/3 - 24*n**2 + 30*n. Let h(a) = a. Let m(g) = 2*h(g) - u(g). What are the prime factors of m(7)?
2, 3, 5
Let h(d) = -6*d + 4*d - 7 - 5*d + 0. Let i(f) = -3*f**2 - 36*f + 16. Let l be i(-13). List the prime factors of h(l).
2, 7, 11
Suppose 4*y = 78*p - 81*p + 23215, 2*p - 15478 = -3*y. List the prime factors of p.
11, 19, 37
List the prime factors of ((-21)/9 + 2)/(107/(-298209)).
929
Let x(v) be the first derivative of v**2 + 1/3*v**3 + v - 23. What are the prime factors of x(5)?
2, 3
Suppose -v + 2*j + 15897 = 0, -j - 14035 = -v + 1866. List the prime factors of v.
5, 3181
Let n(q) = -q**3 + 8*q**2 + 2*q + 5. Suppose 3*w + 2*r + 2*r + 134 = 0, w + 52 = -5*r. Let h = 50 + w. What are the prime factors of n(h)?
3, 7
Suppose 15*k - 12*k + 228 = 0. Let v = -19 - k. Suppose n = 3*p - v - 130, -4*n + 8 = 0. List the prime factors of p.
3, 7
Let d(z) = 27*z + 30 + 3*z + 36*z. What are the prime factors of d(9)?
2, 3, 13
Suppose 2*y = -9*y - 110. List the prime factors of (-2)/(-5) + -34*159/y.
541
Let u = -156 - -158. Suppose 0 = -w - u*p + 203, 7*w - 3*p - 1080 = 2*w. What are the prime factors of w?
3, 71
Let p be 1 + (-26)/2*1. Let w be (p/(-16))/((-3)/(-12)). Suppose 3 = -3*z - w, 4*g - 324 = 4*z. List the prime factors of g.
79
Let o(m) = -m**3 - 15*m**2 - 13*m + 16. Let h be o(-14). Let q = 52 - h. What are the prime factors of 4310/q - (-2)/(-10)?
2, 43
Let s = 19800 - 13190. List the prime factors of s.
2, 5, 661
Let w = 32 - 32. Let b be w + 3 + 0 - (-637 - 0). What are the prime factors of (28/(-70))/((-2)/b)?
2
Let k be (-6)/15 + -33*4/(-30). Suppose k*i = 8*i - 8. List the prime factors of ((-7)/(-8)*i)/(1/8).
2, 7
Let g(z) = 5*z**3 + z**2 + 6*z - 7. Let k be g(3). Suppose -266 = -a + k. What are the prime factors of a?
421
Let b(k) = k**3 - 5*k**2 + 375. Let u be b(0). Let c = -580 + 836. Let y = u - c. List the prime factors of y.
7, 17
Suppose 2*o = 5*b - 5801, 5*b - 3*b - 10 = 0. Let v = o - -4134. What are the prime factors of v?
2, 7, 89
Suppose -4*p = -3*y + 3, -3*y - y + 11 = -3*p. Suppose -y*d + 4*g + g + 545 = 0, 3*d - 2*g - 329 = 0. List the prime factors of d.
3, 37
List the prime factors of (((-3152)/12)/(3/171) + -4)*-1.
2, 3, 13
Let s = -35 - -35. Let j be (4 + s)*(-9)/(-4). Suppose 3*z - j*z + 1752 = 0. What are the prime factors of z?
2, 73
Suppose -37*q + 844370 = 82*q - 1601. List the prime factors of q.
7109
Let h = -85069 - -145128. What are the prime factors of h?
19, 29, 109
Let u(y) = 353*y**2 - 103*y + 805. List the prime factors of u(9).
71, 401
Let j(l) = -321*l - 1457. What are the prime factors of j(-27)?
2, 5, 7, 103
Let u be (0 + -1 + 2)/1. Let k(m) = 3*m**2 + 1 - u - 2*m - 7. What are the prime factors of k(7)?
2, 3, 7
Let u(r) = 14*r**2 - 7*r**2 + 12*r**2 - 2 + r**2 - 33*r + 71*r**3 - 72*r**3. List the prime factors of u(17).
2, 19
Suppose 6*m - 583 = 7997. List the prime factors of (1 - -17)/(39/m).
2, 3, 5, 11
Let v(y) = -452*y**3 + 488*y**2 + 2463*y. List the prime factors of v(-5).
3, 5, 7, 179
What are the prime factors of (-1535340)/(-66) + (-30)/(-110)?
43, 541
Suppose -7*k = -95 + 95. Suppose -g - p = -4*p - 898, -4*p = k. What are the prime factors of g?
2, 449
Suppose 0 = -9*f - 238723 - 193493. What are the prime factors of (-15)/21 - -1 - f/84?
2, 11, 13
Let w(n) = -n + 21. Let k be w(0). Suppose 0 = -22*f + k*f. List the prime factors of -1 - (-1 - f) - -76.
2, 19
Suppose -35*f - 24*f - 26*f + 155295 = 0. What are the prime factors of f?
3, 7, 29
Let b = 941 + 9777. Suppose 0 = 12*p + 11*p - b. List the prime factors of p.
2, 233
Let j be 0/1 - (-1 - 5/(-5)). Suppose j = -q + 4*r - 1 -